1076?
-35035
In base 14, what is 569964 + -6?
56995c
In base 12, what is 10a6427 + -4b?
10a6398
In base 3, what is -1 - -1120100102121?
1120100102120
In base 12, what is 2158a - 798?
209b2
In base 16, what is 115 + 87cf6?
87e0b
In base 10, what is 4299446 - 14?
4299432
In base 2, what is -10001100100000010001 + 110000000?
-10001100011010010001
In base 14, what is -c22073 - -3?
-c22070
In base 4, what is 11110313213111 - 3?
11110313213102
In base 2, what is -10 + 101101011100110001101?
101101011100110001011
In base 14, what is -1db55 - -8?
-1db4b
In base 6, what is -23142 + 32123?
4541
In base 13, what is 83 - b1bcc7?
-b1bc44
In base 8, what is -505351 + -55?
-505426
In base 2, what is -11011110001000011 + 111010010001?
-11010110110110010
In base 3, what is 2212022100110 - 1210?
2212022021200
In base 13, what is -38719 - bc2?
-3960b
In base 11, what is -27 - -270014?
26aa98
In base 9, what is -3540586 - -5?
-3540581
In base 14, what is -17c6 + -5333?
-6b19
In base 6, what is 205020 - -23432?
232452
In base 4, what is -1300 - 303130322?
-303132222
In base 15, what is -4942 + 15c4d?
1130b
In base 3, what is 122001200020 - -212010?
122002112100
In base 16, what is -6731e - 5b?
-67379
In base 10, what is 27228568 + 7?
27228575
In base 5, what is -2204021 - 120?
-2204141
In base 7, what is -346401164 - 3?
-346401200
In base 6, what is 241 - 512234252?
-512234011
In base 11, what is -71464 + -5595?
-76a49
In base 9, what is 8075382 + -4?
8075377
In base 4, what is 21200021130 - 10?
21200021120
In base 3, what is -1 + -1011201022211?
-1011201022212
In base 12, what is -9a63 - 1046?
-aaa9
In base 15, what is 1 + -50b1c3?
-50b1c2
In base 16, what is 12 + 4ef10?
4ef22
In base 10, what is 4111 - 34192?
-30081
In base 8, what is 1263663464 + 4?
1263663470
In base 11, what is 69249a - -2?
6924a1
In base 10, what is 106 + 228247?
228353
In base 5, what is 431 - 10314002?
-10313021
In base 16, what is -816 - -3c4c?
3436
In base 6, what is 115403501 - -142?
115404043
In base 5, what is -114212132 + 1302?
-114210330
In base 16, what is 16a + 8fcfe?
8fe68
In base 9, what is 0 - -17645177?
17645177
In base 15, what is 0 - -c41045?
c41045
In base 10, what is 5371 - 1682?
3689
In base 4, what is -10 - -211231230220?
211231230210
In base 11, what is -24930 - -58?
-24883
In base 12, what is -15a797 + -9?
-15a7a4
In base 10, what is -9579086 - 33?
-9579119
In base 12, what is 8b8 - 34600?
-33904
In base 11, what is 691 + -20459?
-1a878
In base 14, what is 75763da + -3?
75763d7
In base 15, what is -1b + 3ab4b?
3ab30
In base 16, what is -d62c7 + -2e1?
-d65a8
In base 15, what is 6 + 2894d?
28954
In base 2, what is 1001111000001100011110 + -10011111?
1001111000001001111111
In base 13, what is 213 + 10775?
10988
In base 3, what is -12 - 112012011022120?
-112012011022202
In base 3, what is -100111 + -11000200220210?
-11000201021021
In base 9, what is -4 + -2528457?
-2528462
In base 16, what is 42 + -e4b5?
-e473
In base 12, what is 33001057 + -5?
33001052
In base 12, what is 2180117 - -11?
2180128
In base 4, what is 3 - -13020223000?
13020223003
In base 13, what is 286 - -b3631?
b38b7
In base 11, what is -41370 + -2924?
-44194
In base 11, what is 1aa1949 - 5?
1aa1944
In base 2, what is 101 + -11001110110100000100000001?
-11001110110100000011111100
In base 10, what is -17344 + 8548?
-8796
In base 16, what is -29a24 - -14d?
-298d7
In base 5, what is 124140220110 + -1?
124140220104
In base 9, what is 15846 + -14186?
1650
In base 14, what is 82 - 9cb11?
-9ca6d
In base 9, what is -62300424 + -12?
-62300436
In base 14, what is -5d4 + -251?
-845
In base 13, what is 1 - -24c1a78?
24c1a79
In base 15, what is -172d9 - 114?
-173ed
In base 11, what is 25397 + -282?
25115
In base 7, what is 5 - 6555225200?
-6555225162
In base 11, what is 30 + -65730?
-65700
In base 2, what is -100101111011001110101 - -1101?
-100101111011001101000
In base 16, what is -4b + 789561?
789516
In base 4, what is -11010032 - 223010?
-11233102
In base 11, what is -424 - 1890?
-2204
In base 10, what is -3 - 3987967?
-3987970
In base 3, what is 110 - 1002222102010?
-1002222101200
In base 14, what is 2615007 + -4?
2615003
In base 10, what is -93609925 + 3?
-93609922
In base 16, what is 543ab3 + 4?
543ab7
In base 7, what is -3 + 22416663?
22416660
In base 5, what is 13134104 + 200?
13134304
In base 15, what is 38bb1 + -339?
38877
In base 12, what is -4a8a05 - a?
-4a8a13
In base 10, what is 42 - -71106?
71148
In base 4, what is -111311021322 + -2?
-111311021330
In base 2, what is -1000111101100 - -1001011011?
-111110010001
In base 8, what is -1770 + 7417?
5427
In base 7, what is 421112 + -413?
420366
In base 4, what is -2303 - 1101010220?
-1101013123
In base 8, what is -223167 + -1040?
-224227
In base 14, what is 544d - -12c?
557b
In base 7, what is 4 + -1506150103?
-1506150066
In base 12, what is -2628 - 773?
-319b
In base 7, what is -321 + -16443620?
-16444241
In base 3, what is -202222000011102 + -11?
-202222000011120
In base 15, what is -66c34d - 66?
-66c3b4
In base 14, what is b2578ca - 4?
b2578c6
In base 2, what is -10100101 - 110001010000000?
-110001100100101
In base 9, what is -1671465 + 4?
-1671461
In base 2, what is 11 - -11100000101110101100?
11100000101110101111
In base 12, what is 5 + -17bb80?
-17bb77
In base 9, what is -26163 - -38?
-26124
In base 4, what is 13113200322 - 1003?
13113133313
In base 4, what is -20101002 + -2122210?
-22223212
In base 8, what is 2 - 1314746?
-1314744
In base 2, what is -10001010001010100101010010101 + 11?
-10001010001010100101010010010
In base 12, what is 11515b5 + 101?
11516b6
In base 13, what is -4 - 221a0314?
-221a0318
In base 13, what is -4c50c - -c94?
-4b548
In base 9, what is 321640 - 120?
321520
In base 5, what is -1044232122 - -3?
-1044232114
In base 2, what is 1010110100011 - -111001110011?
10010000010110
In base 3, what is 212002112 + -2111?
212000001
In base 15, what is 171 - -193d?
1aae
In base 7, what is 102 + 206554?
206656
In base 16, what is -36918f + -1?
-369190
In base 13, what is -a42b - -17c?
-a27c
In base 16, what is -9 + 468c4c?
468c43
In base 3, what is 1011101 - -12102120?
20120221
In base 16, what is 2e + -5a66?
-5a38
In base 14, what is c1c7d4 - -5?
c1c7d9
In base 8, what is 27174157 - 3?
27174154
In base 15, what is -277eeebb + 0?
-277eeebb
In base 11, what is 6785 + -24837?
-19062
In base 15, what is -d42ac2 - 0?
-d42ac2
In base 7, what is 46 + -6535553?
-6535504
In base 10, what is -370674 - -12?
-370662
In base 13, what is 3 - -5713a0c?
5713a12
In base 9, what is 2886328 - 4?
2886324
In base 3, what is -2102200 - 20210?
-2200110
In base 8, what is -1354 + -1417?
-2773
In base 11, what is 9 - -57959?
57967
In base 15, what is 51b669d - 4?
51b6699
In base 15, what is 11685b + -3b?
116820
In base 13, what is -249000 + 29b?
-248a32
In base 14, what is 340dcc1 - -3?
340dcc4
In base 12, what is 59798 + -12b?
59669
In base 14, what is -12a3b - 41?
-12a7c
In base 9, what is 3 - -187555?
187558
In base 11, what is 401099 - -11a?
401208
In base 5, what is 22 + -23204111?
-23204034
In base 2, what is -100100111001000001 - 111111?
-100100111010000000
In base 5, what is -133130 - 432?
-134112
In base 11, what is -404 + -501a2?
-505a6
In base 11, what is -602 + -3439?
-3a40
In base 4, what is 12 + 2200231211120?
2200231211132
In base 10, what is -144 + 69509?
69365
In base 6, what is 11 + 32354430?
32354441
In base 4, what is 3020201 + 1032?
3021233
In base 2, what is -11110 + 100001101000011010?
100001100111111100
In base 3, what is 220 + -1022211112210?
-1022211111220
In base 13, what is -5 + 2ab55?
2ab50
In base 14, what is -2 - -491354?
491352
In base 9, what is -5 + -3082157?
-3082163
In base 10, what is 4659456 + -4?
4659452
In base 9, what is -6541 - -17330?
10678
In base 13, what is 21 - 325049?
-325028
In base 7, what is 61 + 51401525?
51401616
In base 5, what is -1311124433 - -21?
-1311124412
In base 12, what is -5365a7 + 21?
-536586
In base 8, what is 113676 + -766?
112710
In base 10, what is -791 - 2520?
-3311
In base 5, what is -34232 + -3241001?
-3330233
In base 2, what is 100101010111 - 1100010100?
11001000011
In base 9, what is -18 - -2056721?
2056702
In base 5, what is 421 - -13100300?
13101221
In base 11, what is 4070 - 16406?
-12346
In